509).
8
Let z(m) = m**2 + 291*m + 3912. Determine z(-13).
298
Let r(l) = l**3 + 70*l**2 + 1243*l + 657. Determine r(-35).
27
Let l(y) = 2*y**3 - 28*y**2 + 108*y - 1507. Give l(14).
5
Let d(q) = 11*q - 90. What is d(-4)?
-134
Let k(r) = r**3 + 59*r**2 - 327*r - 626. Give k(-64).
-178
Let p(z) = -9286*z + 91105. What is p(10)?
-1755
Let i(j) = -19*j**3 + 1026*j**2 + 9*j - 80. Calculate i(54).
406
Let r(t) = -1058*t - 4245. Calculate r(-4).
-13
Let d(g) = 8838*g - 79388. Calculate d(9).
154
Let u(w) = 65*w**3 - 12*w**2 + 22*w - 9. Determine u(1).
66
Let a(k) = 19*k + 657. Calculate a(-41).
-122
Let h(z) = 230395*z - 26265032. Calculate h(114).
-2
Let x(p) = 4*p**2 - 1770*p - 33310. What is x(-18)?
-154
Let n(r) = -r**3 + 11*r**2 + 335*r - 476. Give n(24).
76
Let g(f) = -f**2 + 1883*f + 13247. What is g(-7)?
17
Let i(w) = 602*w - 13167. Give i(22).
77
Let h(c) = -4*c**3 - 18398*c**2 + c - 9. Determine h(0).
-9
Let q(k) = -8*k**3 - 6*k**2 + 15*k + 23. Determine q(5).
-1052
Let v(k) = -2*k**3 - 39*k**2 + 36*k + 379. Determine v(-20).
59
Let p(y) = 19*y**2 + 402*y - 457. Determine p(-22).
-105
Let i(g) = -650*g**2 + 3267*g - 8. Determine i(5).
77
Let b(g) = 8459*g + 101488. What is b(-12)?
-20
Let a(t) = 9*t**2 - 298*t - 615. Calculate a(-2).
17
Let i(c) = -c**2 + 392651*c + 2. What is i(0)?
2
Let g(w) = -24072*w - 10182438. Determine g(-423).
18
Let a(x) = 4*x**2 - 4330*x + 61914. Give a(1068).
-30
Let i(u) = -277*u + 7920. Calculate i(28).
164
Let v(l) = -14*l**3 - 402*l**2 + 116*l - 48. Calculate v(-29).
-48
Let k(q) = -4*q**2 + 106*q + 296. Determine k(30).
-124
Let n(f) = 3*f**2 + 84*f - 1634. Give n(17).
661
Let c(l) = 7763*l + 46572. Determine c(-6).
-6
Let d(g) = -g**2 + 51538*g - 1390800. Calculate d(27).
-3
Let y(h) = -1964*h + 1111630. Give y(566).
6
Let v(n) = 7*n**3 + 3611*n**2 - 4143*n - 3532. Give v(-517).
87
Let q(o) = -o**3 - 94*o**2 - 458*o - 597. Calculate q(-89).
560
Let k(p) = p**2 + 116*p + 3019. Give k(-86).
439
Let y(k) = -2*k**3 + 100*k**2 + 991*k - 53372. What is y(49)?
-11
Let s(h) = -h**2 + 1067*h - 283977. Calculate s(508).
-5
Let u(v) = v**3 + 47*v**2 - 533*v - 1622. Calculate u(-56).
2
Let q(s) = -41814*s + 2634280. Give q(63).
-2
Let o(h) = 4*h**2 + 6288*h - 56715. Calculate o(9).
201
Let a(m) = -3*m**2 - 884*m + 5546. Calculate a(6).
134
Let h(b) = -47*b**2 + 2741*b - 866. Give h(58).
4
Let p(u) = 13*u**2 - 436*u - 23375. Determine p(-29).
202
Let q(u) = -64404*u + 1094831. Determine q(17).
-37
Let r(l) = -1089*l - 26339. Calculate r(-24).
-203
Let y(q) = -1795*q + 17434. Determine y(11).
-2311
Let w(q) = 153169*q - 2297539. What is w(15)?
-4
Let d(n) = -1368*n + 4142. Determine d(3).
38
Let j(k) = k**3 - 149*k**2 - 167*k + 2545. What is j(150)?
-5
Let r(f) = 3086*f + 18047. What is r(-6)?
-469
Let k(h) = -2*h**2 + 20140*h + 262140. Give k(-13).
-18
Let n(v) = -v**3 + 80*v**2 + 2240*v + 498. Give n(102).
90
Let s(k) = -16300*k + 81499. Give s(5).
-1
Let w(v) = v**3 + 136*v**2 - 378*v + 6678. What is w(-139)?
1257
Let d(p) = -95*p**2 - 1520*p - 10. Calculate d(-16).
-10
Let v(t) = t**3 - 197*t**2 - 970*t - 50359. Calculate v(203).
-15
Let v(a) = 48*a**3 - 6*a**2 - 29*a + 27. Calculate v(-3).
-1236
Let z(t) = -1673*t - 371590. Calculate z(-222).
-184
Let u(m) = -39*m - 890. Determine u(-27).
163
Let a(x) = -3957*x + 1076180. Calculate a(272).
-124
Let q(k) = 47865*k - 670112. What is q(14)?
-2
Let p(v) = -v**2 + 127*v + 190039. What is p(-377)?
31
Let j(h) = -3*h**2 + 7472*h + 52471. Calculate j(-7).
20
Let f(a) = 592*a - 5494. What is f(9)?
-166
Let i(z) = 300*z**2 - 3913*z + 1. Calculate i(13).
-168
Let b(o) = -47478*o + 10255226. Give b(216).
-22
Let g(j) = -564*j**3 + 2983*j + 2983. Give g(-1).
564
Let g(c) = 13*c**2 + 949*c + 12875. Calculate g(-18).
5
Let c(g) = 12800*g - 268809. Give c(21).
-9
Let q(x) = x**3 + 62*x**2 + 64*x + 4775. What is q(-62)?
807
Let u(c) = -3336*c + 30035. Give u(9).
11
Let z(b) = -1143*b - 6273. Calculate z(-5).
-558
Let t(i) = 38530*i - 192808. Give t(5).
-158
Let u(d) = 769*d - 156751. What is u(204)?
125
Let x(o) = -5159*o**2 - 139294*o - 26. Determine x(-27).
1
Let l(u) = -8257*u + 594513. Determine l(72).
9
Let i(m) = m**2 + 104*m + 2265. What is i(-26)?
237
Let l(z) = z**3 + 22*z**2 - 56*z + 13. Calculate l(3).
70
Let d(c) = -2*c**3 + 24*c**2 - 5944*c + 41115. Determine d(7).
-3
Let f(o) = o**2 + 94*o + 291. Give f(-91).
18
Let d(a) = 62*a - 3974. What is d(82)?
1110
Let v(a) = -60*a**3 - 3838*a**2 + 191*a + 4047. Give v(-64).
15
Let x(j) = j**3 + 94*j**2 - 357*j - 24924. Calculate x(-95).
-34
Let t(i) = -23*i**2 - 1019*i - 1017. Calculate t(-1).
-21
Let f(y) = y**3 - 13*y**2 + 1001*y - 6716. Give f(7).
-3
Let x(t) = -t**3 - 7*t**2 - 415*t - 3777. Determine x(-9).
120
Let c(p) = 7*p**3 + 252*p**2 - 206*p - 15. Calculate c(-37).
-1976
Let w(r) = -419*r**2 - 81*r - 164. What is w(-2)?
-1678
Let q(y) = 22*y**2 + 2080*y - 44569. Determine q(18).
-1
Let u(p) = -8161*p + 146775. Determine u(18).
-123
Let f(g) = 5*g**3 - 42*g**2 - 600*g - 110. Give f(16).
18
Let q(w) = 34495*w + 9313645. Determine q(-270).
-5
Let s(t) = -52437*t + 104876. Calculate s(2).
2
Let s(y) = -11*y**3 + 782*y**2 - 89*y + 1163. What is s(71)?
-115
Let w(f) = -36649*f + 439691. Give w(12).
-97
Let k(p) = -62*p + 1048. Give k(15).
118
Let v(k) = k**3 + 10*k**2 + 3*k + 229. Calculate v(0).
229
Let w(b) = -64*b**2 + 29*b - 8. Determine w(-3).
-671
Let v(l) = -l**3 - 22*l**2 - 58*l - 417. Give v(-21).
360
Let u(o) = 4*o**2 - 97*o - 85. Calculate u(25).
-10
Let b(a) = -a**3 + 34*a**2 - 486*a + 16582. What is b(34)?
58
Let y(w) = -3*w**3 + 27*w**2 - 125*w + 1256. Give y(9).
131
Let x(g) = -2*g**2 - 452133*g + 2260663. Calculate x(5).
-52
Let s(x) = -320876*x - 320873. Determine s(-1).
3
Let w(a) = 1928*a + 11537. Give w(-6).
-31
Let k(o) = 371*o**3 + 1856*o**2 + 46*o + 210. Give k(-5).
5
Let w(u) = -187*u**2 + 193*u - 3. Give w(1).
3
Let m(c) = -3353*c + 3621. Determine m(0).
3621
Let z(a) = a**2 - 243*a + 6166. What is z(29)?
-40
Let q(l) = 6*l**2 + 270*l - 1871. What is q(-58)?
2653
Let t(v) = 3*v**2 - 459*v + 2221. Determine t(148).
1
Let z(w) = w**3 + 8*w**2 - 255*w - 1651. Calculate z(-6).
-49
Let i(z) = -18*z**2 - 4346*z + 2432. Give i(-242).
12
Let l(q) = 11*q**2 - 10899*q + 87046. Determine l(8).
558
Let s(a) = a**3 + 12080*a**2 - 48339*a + 6. Give s(4).
-6
Let t(h) = 2*h**3 + 26*h**2 - 467*h - 5915. Determine t(-12).
-23
Let y(l) = -9*l**3 + 15*l**2 + 7*l - 16. What is y(5)?
-731
Let a(h) = 23*h**2 - 864*h + 1. Give a(38).
381
Let z(f) = 180*f - 9694. Calculate z(73).
3446
Let r(b) = 2*b**2 - 2079*b - 63695. Determine r(-30).
475
Let b(n) = -7*n**2 - 1258*n + 6426. Give b(5).
-39
Let u(q) = 2*q**3 - 163*q**2 - 385*q - 2900. Calculate u(84).
40
Let s(j) = -565*j + 107293. Give s(190).
-57
Let n(l) = 4*l**2 + 108*l + 1536. Calculate n(-21).
1032
Let y(h) = -279193*h + 3071104. What is y(11)?
-19
Let m(b) = b**3 - 698*b**2 + 24465*b - 286. Give m(37).
10
Let f(n) = -160*n - 7783. Give f(-49).
57
Let j(u) = -u**2 + 84314*u + 19529898. Determine j(-231).
3
Let l(y) = -7*y**2 - 303*y - 3375. Determine l(-9).
-1215
Let p(g) = -g**3 - 314*g**2 + 935*g - 6997. Calculate p(-317).
-1925
Let r(t) = -3685*t - 3929. What is r(-1)?
-244
Let h(s) = -3*s**3 + 622*s**2 - 166*s - 8496. Give h(207).
-9
Let n(w) = -355142*w - 2130856. What is n(-6)?
-4
Let q(w) = 3*w**3 - 34*w**2 + 1194*w - 13007. Determine q(11).
6
Let f(v) = -117*v**2 - 718*v + 3619. Give f(5).
-2896
Let y(j) = -135*j**2 + 38888*j - 2304. Calculate y(288).
0
Let k(s) = s**3 + 41*s**2 + 17*s + 384. What is k(-42)?
-2094
Let q(c) = -3*c**3 - 243*c**2 + 1271*c - 472. Determine q(-86).
1162
Let h(d) = -d**2 - 17377*d + 801440. Give h(46).
-18
Let c(a) = -20112*a + 162926. Determine c(8).
2030
Let m(o) = o**2 - 30852*o + 1847521. Calculate m(60).
1
Let w(c) = -2070*c + 93182. What is w(45)?
32
Let h(p) = -4*p**3 - 844*p**2 - 29884*p - 654. Calculate h(-166).
10
Let m(b) = -3*b**3 + 3*b**2 - 6*b + 19. Calculate m(-6).
811
Let t(q) = -2*q**2 + 9767*q - 194628. What is t(20)?
-88
Let i(k) = 23*k**3 + 3*k**2 - 698*k - 702. What is i(-1)?
-24
Let v(d) = -d**3 + 27*d**2 + 263*d - 3301. Determine v(32).
-5
Let p(u) = -44771*u - 358202. Give p(-8).
-34
Let o(c) = 5246*c + 